vative of -5*f**3/6 + f**2 + f. Calculate b(t).
7
Let c(d) = -7*d - 9. Suppose -23 = -3*v + 31. Suppose -23*o = -20*o + v. Let z(k) = 20*k + 26. Let t(m) = o*z(m) - 17*c(m). Determine t(-3).
0
Let c = -16 - -11. Let q(h) = -11 - h**2 + 25 - 12 - h - 2*h - 2*h. Give q(c).
2
Let t(b) = -42*b - 21. Let q(g) = -104*g - 50. Let i(m) = 5*q(m) - 12*t(m). Determine i(4).
-62
Let d(m) = -177 - 17 + 171 + 339 - 19*m. Give d(17).
-7
Let p(f) = -f**3 - 5*f**2 + 3*f + 2. Let y = -4 - -34. Let q = y - 2. Suppose 0 = 3*h - 4*h + 4, -4*g - q = -2*h. Determine p(g).
-13
Let c(s) = -3*s + 22. Let m(v) = 9*v - 62. Let u(z) = 8*c(z) + 3*m(z). Suppose 4 = t - q, 5*t + 5*q - 58 + 8 = 0. What is u(t)?
11
Let b(i) = -i**2 - 7*i + 5. Let s(h) = h**2 + 9*h - 5. Let g be s(-7). Let n = -19 - g. Suppose n = -f - 5 - 3. Determine b(f).
-3
Let s(i) = -30. Let v(o) = 37*o - 193. Let r(m) = 7*s(m) - v(m). Determine r(-1).
20
Let h(g) = -g**3 - 7*g**2 + 8*g + 9. Let q(i) = 40*i + 1832. Let v be q(-46). What is h(v)?
9
Let n(w) be the third derivative of 0*w + 1/12*w**4 - 5/6*w**3 + 0 + 21*w**2. Let s(u) = 1. Let d(a) = -n(a) - 4*s(a). Give d(2).
-3
Suppose o = 1 + 22. Let l = o + -21. Let a(g) be the second derivative of 5*g**3/6 - 3*g**2/2 + 3*g. Determine a(l).
7
Let a(t) be the second derivative of t**6/360 + 7*t**5/120 + t**4/6 - 2*t**3 + t**2/2 - 5*t + 8. Let c(p) be the second derivative of a(p). What is c(-4)?
-8
Let u be 4/(-8) + 18/4. Let v(d) = 29*d**2 - 124*d - 17. Let r(i) = -4*i**2 + 17*i + 2. Let k(z) = -15*r(z) - 2*v(z). Calculate k(u).
8
Let w(z) = -12 - 245*z + 36 - 3*z**2 + 303*z - 124*z. Give w(-23).
-45
Let f(r) = -15*r - 125. Let u(l) = -4*l - 63. Let i(o) = 2*f(o) - 5*u(o). What is i(6)?
5
Let w(h) = 7 + 7 - 18 - 2*h. Let i(c) = c**2 - c + 6. Let f be i(3). Suppose -2*q = 8*v - 5*v - f, 12 = 2*q - v. Determine w(q).
-16
Let w(z) = 1. Let v(c) = 7. Let h(u) = -v(u) + 6*w(u). Let p(d) = 2*d**2 + d - 6. Let k(s) = -4*h(s) + p(s). Suppose -38 = -31*q - 131. Calculate k(q).
13
Let k(s) = 2*s**2 - 152817 + 152812 + 2*s - s. Determine k(0).
-5
Let t(u) = u**3 - 6*u**2 - 6*u - 1. Suppose 5*b + 0 = 10, -4*r - 4*b = -100. Suppose -r*m = -34*m + 77. What is t(m)?
6
Let t(m) = 20*m - 29. Let a(k) = -19*k + 35. Let g(r) = 6*a(r) + 7*t(r). What is g(2)?
59
Let j = -9 + 3. Let a(g) = -5*g + 1. Let c(u) be the third derivative of 11*u**4/12 - u**3/2 + 124*u**2. Let k(x) = -9*a(x) - 2*c(x). Determine k(j).
-9
Suppose 0 = 6*f - 10*f - 8, 2*r = -4*f - 4. Let p(m) = -3*m**2 - 4*m**2 - m**r - 2 + 2 + 1. Determine p(-1).
-7
Let z(d) = 2*d - 3*d - 4*d - 4*d**2 - 2*d + 6 + 5*d**2. Calculate z(5).
-4
Let y(a) = 5*a**2 + 6*a + 2. Let p be y(3). Let v = p + -61. Let q(o) = o - 2. Calculate q(v).
2
Let s(n) be the first derivative of 1/3*n**3 - 1/2*n**2 - 1/4*n**4 + 44 + 2*n. Calculate s(3).
-19
Let k(y) = 430 + 425 - 9*y + 428 - 1292. Give k(-5).
36
Let o(w) be the first derivative of w**5/20 - w**4/6 - w**3 + w**2 + 49*w + 77. Let h(j) be the first derivative of o(j). Let u be 16/36*-3*-3. Calculate h(u).
10
Let x(q) = 22*q + 9. Suppose -21*j = -50 - 97. Let p(h) = -19*h - 9. Let k(u) = j*p(u) + 6*x(u). What is k(8)?
-17
Suppose -4*l - 43 = -3*a, -5*a = -4*l - 0*l - 53. Let v(o) = -6*o - 12*o - 12*o + o + 30*o - 4. Determine v(l).
-11
Let h(q) = 10*q**2 + 8*q**3 + 39 + 16 - 102 - 9*q**3 + 25 - 10*q. Calculate h(9).
-31
Let j(y) be the first derivative of -y**6/180 + 7*y**5/120 + 5*y**4/24 + 65*y**3/3 - 126. Let b(t) be the third derivative of j(t). Determine b(6).
-25
Let w(i) = 24*i**2 + i + 7. Let s(z) = -30*z**2 - z - 8. Let q(p) = -3*s(p) - 4*w(p). Give q(-3).
-55
Let o(x) = x**2 + 7*x - 37. Let r be o(-11). Suppose r*l - 4 = 10. Let w(f) = 4*f**2 + 3 - 8*f**2 + 2*f**l - 8*f + 3*f**2. What is w(5)?
-12
Let l(g) be the first derivative of 2*g + 1/3*g**3 - 5/2*g**2 - 8. Suppose 3*w + n = 2*n + 18, -n = 2*w - 7. Calculate l(w).
2
Let x(a) = 5*a**2 - 23*a - 13. Suppose -38*r + 200 = 3*r - r. Calculate x(r).
-3
Let k(c) = 87*c - 32. Let d(s) = 31*s - 11. Let f(j) = 17*d(j) - 6*k(j). Let o = 38 - 33. Calculate f(o).
30
Let q(r) = r**3 - 5*r**2 + 4*r - 3. Let z be (3/(-9))/(((-10)/(-24))/(-5)). Let d be -199 - (-20)/z - (2 + -1). Let m be 13/(d/6) + 17/5. Determine q(m).
-9
Let x = 12 + -9. Suppose -x*a - 4*f + 24 = 0, 0 = 2*a - 4*f + 3 + 1. Let n(d) be the first derivative of -d**3/3 + 2*d**2 + 4*d + 4. What is n(a)?
4
Let p(y) = -y**2 + 8*y + 16. Suppose -4*h = -8*n + 3*n - 7, -2*n + 5*h = -4. Determine p(n).
-17
Let v = 3 - 4. Let m(p) be the third derivative of -p**6/60 + p**5/60 + p**4/24 + p**3/6 - 4*p**2 - 4. Give m(v).
3
Let m(o) = -5*o**2 + 72*o + 221. Let i be m(17). Let u(d) = -d**3 + 6*d + 12. What is u(i)?
12
Let l(c) be the third derivative of -c**6/120 + c**5/5 - 7*c**4/24 - 11*c**3/6 - 48*c**2 - 4. Calculate l(11).
33
Let i = 3 + -13. Let p(s) be the second derivative of s**5/20 + 5*s**4/6 - s**3/3 - 7*s**2 - 122*s + 101. Determine p(i).
6
Let z be (-24)/1728*-24 - -2*(-1)/(-2). Let i(x) be the first derivative of 2*x - z*x**3 + 2*x**2 + 16 - 1/4*x**4. Determine i(-5).
7
Let y(d) = d**3 + 4*d**2 + 3*d + 3. Let w be (16/12)/(-5*3/(-45)). Suppose 17 = -5*p - 2*l, -5*l = -2*p - p - w. Give y(p).
3
Let i(v) = -2*v - 16*v**2 + 2*v + 15*v**2. Let n be i(-3). Let j(o) = o**3 + 5*o**2 + 2*o - 5. Let b(w) = -w**2 + 4*w - 1. Let k(f) = -3*b(f) + j(f). Give k(n).
7
Let u(l) = l**2 - l - 2. Suppose -7 = 6*m - 19. Suppose -5*r + 39 = 2*q, -2*q + 0*r + m*r = -18. Suppose 0*g - 2*g = -2*i + q, -g = -2*i + 9. Determine u(i).
4
Let b(h) = 5*h**3 + 2*h**2 + 11*h + 10. Let r(p) = p**3 - p**2 + p + 1. Let c(u) = b(u) - 4*r(u). Let j = 1249 + -1240. Suppose -53 = j*m - 8. Give c(m).
-4
Let w(h) = h + 15. Let z be (-2 + 6/4)*0/(-20). Suppose 86*x - 90*x = z. Calculate w(x).
15
Let u(s) = 3 - 4 + 13 - s. Let a(c) = 2*c**2 - 21*c + 49. Let r be a(4). Let w(k) = 17*k + 60. Let x be w(r). Determine u(x).
3
Let u(x) = x**3 - x**2 - 9*x - 3. Let m(h) = h**3 + 3*h**2 + 16*h + 33. Let s be m(-2). Give u(s).
52
Let t(p) = p**3 + 3*p**2 - p + 64. Let b be t(0). Suppose 2*h = 7*h. Let q(j) = h*j - 6*j - 5 + 63*j**2 - b*j**2. Give q(-4).
3
Let l(n) be the first derivative of -16*n**2 - 135*n + 2556. Determine l(-4).
-7
Let p(q) = q**3 + 12*q**2 - 22*q + 17. Let l(w) = -2*w**3 - 25*w**2 + 37*w - 33. Let b(u) = 3*l(u) + 5*p(u). Calculate b(-15).
-29
Let m(x) be the first derivative of -x**4/4 + 4*x**3/3 + x**2/2 - 86049. Suppose -9 = 4*f - 1. Let y be (-1 + 6)*f/(-2). Determine m(y).
-20
Let k(s) = -2*s - 3. Suppose -17 = -f - 4*l, 3*f - 5*l = -2*f + 35. Let j(t) = -13*t + 4 - t - 5*t - f*t**2 - 5*t. Let b be j(-3). Give k(b).
7
Let r be -5*1*363/165 - -7. Let y(i) = -i**3 - i**2 + 6*i - 2. Determine y(r).
22
Suppose 14*a - 11 - 549 = 0. Let d(n) = 3 - n - 88*n**2 - 9 + a*n**2 + n**3 + 52*n**2. Determine d(-4).
-2
Suppose -227 = -3*p - 3*q - 248, -3*q = p + 19. Let s(d) = 109*d + 104. What is s(p)?
-5
Let h(w) = -36*w + 553. Let x be (20 - -1) + (120 - 126). Determine h(x).
13
Let x(m) be the first derivative of m**2 + 4*m - 3. Let c be 354/50 - 518/6475. Determine x(c).
18
Let b(l) = 2*l**3 - 23*l**2 + 67*l - 627. Let a be b(11). Let x(d) = d**3 + 11*d**2 + 4*d + 59. Determine x(a).
15
Let k(d) be the second derivative of 3/8*d**4 + 1/360*d**6 + 0*d**2 - 3/40*d**5 + 8*d - 5/6*d**3 + 0. Let w(l) be the second derivative of k(l). Calculate w(7).
-5
Suppose a - 1 = -0. Let h(n) be the first derivative of 0*n**2 + 2/3*n**3 + 21 - n - 1/2*n**4. What is h(a)?
-1
Let o(h) = h**3 + 16*h**2 - h - 13. Let p be o(-16). Suppose -p*y + 30 = -21. Let s = -12 + y. Let t(i) = -i + 2. Give t(s).
-3
Let i(y) = -4*y + 3. Let j(q) = -q**3 + 11*q**2 - 8*q - 13. Let k be j(10). Suppose -37 = -a - k. Suppose 9*b = -b + a. Determine i(b).
-9
Let z(g) = -75*g - 2179. Let j be z(-29). Let u(y) = y**2 - 3*y - 2. Determine u(j).
26
Let k(b) = 4*b - 111 + 104 - 5*b**2 - 3*b + 4*b. What is k(3)?
-37
Let a(j) = -2*j + 9. Let w be a(6). Let u be (w/(-6))/(2/8). Suppose -3*s = -u*g - 0*g + 14, s = -2*g - 2. Let m(b) = -b - 1. Calculate m(s).
3
Let h = -4543 - -4557. Let q(z) = -2*z + 33. Determine q(h).
5
Let u(l) = -3*l**3 + 9*l**2 - 4*l - 14. Let s(k) = -k**3 + k - 1. Let n(c) = -2*s(c) + u(c). Let p be n(8). Let z(v) = -p*v +